 y(-4) is divided by j - (-24 + 1) - 4.
15
Suppose -117028 = -2763*c + 2729*c. Calculate the remainder when c is divided by 11.
10
Let j(k) = -11*k + 1793. What is the remainder when j(107) is divided by 90?
76
Let d(c) = 6*c**2 + 49*c + 249. Calculate the remainder when d(-6) is divided by 101.
70
Let s(a) = -a**3 + 11*a**2 - 4*a - 43. Let f be s(10). Suppose -22*j + 228 = y - f*j, -2*y - j = -483. What is the remainder when y is divided by 61?
60
Let l = -273 + -20. Let t = l + 507. What is the remainder when 94 is divided by (-1)/(-6) + (-2 - t/(-12))?
14
Let b(i) = -i**3 + 4*i + 2. Let y = -58 - -52. Let a be 9*-1*(0 + y)/(-18). What is the remainder when b(a) is divided by 8?
1
Suppose 0 = 22*d - 14*d - 1648. What is the remainder when d is divided by 23?
22
Suppose -14*d = 1478 - 1632. Calculate the remainder when 1019 is divided by d.
7
Let l = -579 - -627. Suppose -l*s = -5844 - 35580. Calculate the remainder when s is divided by 24.
23
Suppose 39*p = 5*p + 782. Let a(k) = -24*k + 1. Let l be a(-1). Suppose -4*n + p = -l. Calculate the remainder when n is divided by 8.
4
Let l = 14605 + -14417. Suppose 0 = i - 5*i + 200. What is the remainder when l is divided by i?
38
Suppose 4*z = -3*p + 382 + 117, -2*p + 10 = 0. Suppose -94*j = -83*j - z. What is the remainder when 347 is divided by j?
6
Let k(a) = 19*a**2 + 18*a + 13. Let y be k(-4). Suppose 5*i - y = -130. What is the remainder when 413 is divided by i?
22
Let o be 51 - (-4 - (-4 - -2)). Let c = o + -49. Suppose 5*i = 2*p + 50, 1 = -c*i - p + 41. What is the remainder when 37 is divided by i?
7
Let q(m) = 21*m. Let d be ((-8)/(-12))/((-2)/(-324)). Suppose 9*k = -0*k + d. What is the remainder when q(1) is divided by k?
9
Suppose 3562 = -507*v + 533*v. Calculate the remainder when v is divided by 36.
29
Calculate the remainder when (-219)/(-657) - (-3892)/6 is divided by 43.
4
Calculate the remainder when 613 is divided by 369/82*(-56)/(-18).
11
Let j = -194 + 241. Calculate the remainder when 463 is divided by j.
40
Let r = -2452 + 2515. Calculate the remainder when 1068 is divided by r.
60
Let y(p) = -p**2 + 14*p + 317. Calculate the remainder when 190 is divided by y(-12).
0
Suppose -5*p + 2025 + 2103 = 3*p. Calculate the remainder when p is divided by 98.
26
Let q = -126 - -132. What is the remainder when 71 is divided by (6*q/(-16))/((-27)/180)?
11
Let j = -530 - -598. Let i be (0 - -1 - 3)*-16. Let m = j - i. Calculate the remainder when m is divided by 10.
6
Suppose -3*b + 1204 = 5*s, 4*b - 1600 = 7*s - 11*s. What is the remainder when b is divided by 58?
50
Suppose 0 = -12*j - 24 + 72. Suppose j*n = 5*n - 27. Suppose -5*h + 62 = 4*c, 2*c + 3 - 59 = -5*h. Calculate the remainder when n is divided by h.
7
Let p = -6 - -12. Suppose 2*n = p*n - 8. Calculate the remainder when (-2 + 12 + -14)*-2 is divided by n.
0
Let r = 53 + -35. Suppose -1957*l - 19109 = -2054*l. Calculate the remainder when l is divided by r.
17
What is the remainder when 84 is divided by (6/(-16))/(48/(-9472)) - 1*-2?
8
Let m(c) = -c**3 - 18*c**2 - 78*c + 20. What is the remainder when 686 is divided by m(-11)?
4
What is the remainder when 790 is divided by 5 - (-4 + (-416)/8)?
58
Let b be 2/4 - (3 - (-98)/(-4)). Suppose -3*w = 4*o - 28, 3*o - w - b = -3*w. Calculate the remainder when o is divided by 60/14 + (-24)/84.
2
Suppose -61992 = -2120*h + 2012*h. What is the remainder when h is divided by 44?
2
Let f(t) = -t**3 - t**2 + 5*t + 3. Let l(k) = k**2 - 20*k + 54. Let j be l(17). Suppose -j*m + 6*m + 12 = 0. What is the remainder when 121 is divided by f(m)?
28
Let j(c) be the third derivative of c**4/3 - 8*c**3 + 23*c**2. What is the remainder when j(15) is divided by 27?
18
Let n(f) = -4*f - 37. Let u be n(-10). Let q be -3*((-209)/u + 5). Let a = q - 95. What is the remainder when a is divided by 15?
9
Let n(p) = -3*p - 15. Suppose w - 15*a - 55 = -14*a, 0 = -2*w + 3*a + 109. Calculate the remainder when w is divided by n(-10).
11
Let g(i) = -2*i**2 - 30*i - 36. Suppose -36 = 8*a + 68. Calculate the remainder when 24 is divided by g(a).
8
Let y(l) = 4*l**2 + 10*l - 27. Let t be y(5). Suppose -t*j + 133*j = 320. What is the remainder when j is divided by 12?
8
Let n be 6/4*814/111. Suppose -n*k - 179 = -5*q - 7*k, -3*q = k - 121. Calculate the remainder when q is divided by 21.
18
Let g = 189 + -168. Suppose -y + 1 = -4*z - g, -5*y = 2*z - 22. What is the remainder when 10 is divided by y?
4
Let w = 8704 + -8619. Calculate the remainder when 253 is divided by w.
83
Suppose 4*g + 5*o - 118 = 0, -134 = -5*g + g + 3*o. Let c = 403044 - 402903. Calculate the remainder when c is divided by g.
13
What is the remainder when 810 is divided by (-4 - (-270)/70) + (-5)/((-140)/3252)?
114
Suppose 5*h - 98 = 127. Let y(c) = -9*c + 43. Let q be (6/8 + 63/(-36))*5. Calculate the remainder when y(q) is divided by h.
43
Suppose -14*h - 12*h + 22644 = -8*h. What is the remainder when h is divided by 158?
152
Suppose -426*m + 243 = -423*m. Calculate the remainder when 714 is divided by m.
66
Let i = 9666 + -9658. What is the remainder when 630 is divided by i?
6
Suppose 9*u = 4*u + 125. Suppose -2*l = -0*w - 4*w - 20, 3*l - 50 = -4*w. Let y = -1 + l. What is the remainder when u is divided by y?
12
Suppose -4*i - 3*f - 448 + 1540 = 0, 4*i + f = 1100. What is the remainder when 277 is divided by i?
1
Suppose -371*x = -72*x - 348036. What is the remainder when x is divided by 5?
4
Let n(m) = m**2 - 17*m + 15. Let k = 11 + 22. Let o = k + -15. What is the remainder when n(o) is divided by 20?
13
Let m = -18 - -77. Suppose -41 = -2*r + m. Suppose -37*y - 82 = -42*y + 2*z, 0 = 3*z - 27. What is the remainder when r is divided by y?
10
Let f = -199 - -283. Calculate the remainder when f is divided by 23 + 5 + (-17 - -21).
20
Suppose 0 = -65*d - 24*d + 267. Let l(w) = 13*w + 2. Let z be l(3). Suppose -m = -5*q - 0*q - z, -9 = d*q. Calculate the remainder when 127 is divided by m.
23
Suppose 4*b = b + 87. Let t = -179 + 119. Let v = 71 + t. What is the remainder when b is divided by v?
7
Suppose 6*x + 6 = 60. Suppose -4*s + x*s = 2*y + 112, -2*y = -4*s + 90. What is the remainder when (((-1548)/(-60))/(-1))/(2/(-10)) is divided by s?
19
Suppose -133*s = -377*s + 31720. Calculate the remainder when s is divided by 56.
18
Suppose -9*c - c = -50. Suppose -c*u + o - 5 = -131, 5*o = 3*u - 58. What is the remainder when 925/9 - (-10)/45 is divided by u?
25
Let l(d) = 37*d**3 - 7*d**2 - 25*d + 50. Suppose 2*w - 5*w + 2*p + 84 = 0, -12 = -4*p. What is the remainder when l(2) is divided by w?
28
Suppose -282*l + 6*l + 21252 = 0. Calculate the remainder when 557 is divided by l.
18
Let i(x) = -x + 34. Let w be i(19). Let o(s) = 2*s - 20. Calculate the remainder when o(w) is divided by ((-6)/8)/(30/(-200)).
0
Suppose -839 = 24*t - 4700 - 5907. What is the remainder when t is divided by 30?
17
Let t(d) = 42*d - 143. Calculate the remainder when t(16) is divided by 15.
4
Let j(v) = 186*v - 258. What is the remainder when j(4) is divided by 121?
2
Suppose t = -3*l + 419 + 806, -l - 3*t + 411 = 0. Suppose 18*c = -174 + l. What is the remainder when 24 is divided by c?
11
Let o(u) = -5*u + 125. Let v be o(25). Suppose 91*y - 88*y - 78 = v. What is the remainder when 205 is divided by y?
23
Let m(f) = 3*f - 25. Let r(q) = 4*q - 38. Let w(v) = 7*m(v) - 5*r(v). Let g be w(-10). Suppose -g = -3*z + 4. Calculate the remainder when 5 is divided by z.
2
Let i(p) = -p**3 - 21*p**2 + 98*p + 147. What is the remainder when i(-25) is divided by 60?
17
Let l(r) be the second derivative of -r**5/20 - 19*r**4/12 + 3*r**3 - 29*r**2/2 - 3*r - 7. Let g = -6 - -70. What is the remainder when g is divided by l(-20)?
9
Suppose 54 = 2*u - 4*x, -3*u - u = -3*x - 108. What is the remainder when (37 + 2 + 0)*2 is divided by u?
24
Let v(c) = c**3 - 661*c**2 + 3939*c + 24. Let l = -22 + 55. Calculate the remainder when v(6) is divided by l.
12
Let y be 6 + (-2)/1 - -24. Suppose -29*f = -y*f - 81. What is the remainder when f is divided by 17?
13
Suppose -6*o - 2*o + 528 = 0. Let k = o + -47. Calculate the remainder when 132 is divided by k.
18
Suppose -2*v + 14 = -18*r + 13*r, 3*v - 4*r - 14 = 0. Suppose g + 3*j - 35 = 0, v*j - 8 + 28 = g. What is the remainder when